tors of 50064.
2, 3, 7, 149
What are the prime factors of 72436?
2, 7, 13, 199
What are the prime factors of 1029765?
3, 5, 11, 79
List the prime factors of 1777929.
3, 592643
List the prime factors of 418146.
2, 3, 69691
What are the prime factors of 935969?
17, 55057
List the prime factors of 2889551.
7, 412793
List the prime factors of 61376.
2, 7, 137
What are the prime factors of 13355887?
13355887
What are the prime factors of 2856705?
3, 5, 43, 103
What are the prime factors of 2038678?
2, 1019339
List the prime factors of 531493.
61, 8713
List the prime factors of 19785100.
2, 5, 67, 2953
List the prime factors of 991236.
2, 3, 17, 43, 113
What are the prime factors of 151222?
2, 75611
List the prime factors of 213290.
2, 5, 7, 11, 277
What are the prime factors of 1841459?
997, 1847
List the prime factors of 12109472.
2, 29, 13049
List the prime factors of 7937954.
2, 83, 47819
What are the prime factors of 84495?
3, 5, 43, 131
List the prime factors of 6436485.
3, 5, 11, 13003
List the prime factors of 14400397.
11, 1309127
List the prime factors of 25643167.
11, 211927
List the prime factors of 21990439.
29, 31, 61, 401
List the prime factors of 6053343.
3, 17, 19, 6247
List the prime factors of 239856.
2, 3, 19, 263
List the prime factors of 501800.
2, 5, 13, 193
What are the prime factors of 3539769?
3, 23, 29, 61
What are the prime factors of 110913?
3, 11, 3361
List the prime factors of 1386568.
2, 31, 5591
What are the prime factors of 1941599?
11, 176509
List the prime factors of 141386.
2, 7, 10099
List the prime factors of 2901293.
2901293
What are the prime factors of 2168374?
2, 13, 83399
What are the prime factors of 9404095?
5, 1880819
What are the prime factors of 14380255?
5, 2876051
List the prime factors of 23533736.
2, 89, 33053
What are the prime factors of 1927062?
2, 3, 151, 709
What are the prime factors of 2967586?
2, 1483793
List the prime factors of 260370.
2, 3, 5, 11, 263
List the prime factors of 11892967.
181, 65707
What are the prime factors of 232514?
2, 116257
List the prime factors of 10150559.
10150559
List the prime factors of 573944.
2, 7, 37, 277
List the prime factors of 1029209.
1029209
List the prime factors of 167277.
3, 11, 37, 137
List the prime factors of 613083.
3, 204361
List the prime factors of 116027.
116027
List the prime factors of 12508681.
83, 150707
What are the prime factors of 2932042?
2, 19, 31, 131
What are the prime factors of 2092852?
2, 523213
List the prime factors of 95352.
2, 3, 29, 137
List the prime factors of 126251.
191, 661
What are the prime factors of 457309?
23, 59, 337
What are the prime factors of 236086?
2, 118043
List the prime factors of 301093.
13, 19, 23, 53
List the prime factors of 198552.
2, 3, 8273
What are the prime factors of 414857?
414857
What are the prime factors of 67853?
67853
What are the prime factors of 17842998?
2, 3, 2973833
What are the prime factors of 1850241?
3, 677, 911
What are the prime factors of 1706450?
2, 5, 34129
What are the prime factors of 3853913?
7, 109, 5051
What are the prime factors of 168309?
3, 18701
What are the prime factors of 922549?
922549
What are the prime factors of 2709927?
3, 11, 31, 883
List the prime factors of 28893.
3, 9631
List the prime factors of 1175935.
5, 251, 937
List the prime factors of 540504.
2, 3, 7507
List the prime factors of 23903.
11, 41, 53
What are the prime factors of 2657849?
1511, 1759
What are the prime factors of 1286097?
3, 31, 13829
List the prime factors of 2767088.
2, 163, 1061
List the prime factors of 5321170.
2, 5, 17, 113, 277
List the prime factors of 3422703.
3, 1140901
List the prime factors of 835783.
13, 239, 269
List the prime factors of 23632.
2, 7, 211
What are the prime factors of 140807?
139, 1013
List the prime factors of 20016079.
101, 198179
What are the prime factors of 5681111?
17, 334183
List the prime factors of 2161024.
2, 16883
What are the prime factors of 899482?
2, 449741
What are the prime factors of 8795146?
2, 151, 29123
List the prime factors of 4030984.
2, 461, 1093
List the prime factors of 3132764.
2, 783191
List the prime factors of 14607256.
2, 71, 25717
List the prime factors of 348411.
3, 7, 47, 353
List the prime factors of 3717661.
79, 47059
List the prime factors of 6285532.
2, 11, 23, 6211
What are the prime factors of 471650?
2, 5, 9433
What are the prime factors of 8192467?
149, 54983
List the prime factors of 6484703.
6484703
List the prime factors of 187739.
19, 41, 241
What are the prime factors of 1084470?
2, 3, 5, 37, 977
What are the prime factors of 621363?
3, 207121
List the prime factors of 1754426.
2, 877213
List the prime factors of 12071588.
2, 3017897
List the prime factors of 1051134.
2, 3, 7, 29, 863
List the prime factors of 351199.
31, 11329
What are the prime factors of 1748379?
3, 582793
List the prime factors of 10545648.
2, 3, 83, 2647
List the prime factors of 4568966.
2, 31, 73693
List the prime factors of 14685099.
3, 11, 13, 34231
What are the prime factors of 934914?
2, 3, 19, 59, 139
What are the prime factors of 35242165?
5, 7, 41, 599
List the prime factors of 2474013.
3, 824671
What are the prime factors of 7066784?
2, 19, 59, 197
What are the prime factors of 21747474?
2, 3, 7, 8219
List the prime factors of 563941.
7, 17, 677
List the prime factors of 877710.
2, 3, 5, 17, 1721
What are the prime factors of 84379?
19, 4441
What are the prime factors of 442468?
2, 13, 67, 127
What are the prime factors of 20065446?
2, 3, 919, 1213
What are the prime factors of 18830952?
2, 3, 7, 37363
What are the prime factors of 1391574?
2, 3, 59, 3931
List the prime factors of 601783.
7, 13, 17, 389
What are the prime factors of 7287918?
2, 3, 11, 23, 4801
What are the prime factors of 2473159?
13, 190243
What are the prime factors of 655845?
3, 5, 23, 1901
List the prime factors of 397519.
397519
What are the prime factors of 378680?
2, 5, 9467
What are the prime factors of 1659545?
5, 331909
What are the prime factors of 1312942?
2, 656471
What are the prime factors of 3119128?
2, 389891
What are the prime factors of 2804167?
17, 31, 313
List the prime factors of 2869202.
2, 7, 29, 37, 191
What are the prime factors of 23462?
2, 11731
What are the prime factors of 4803215?
5, 960643
What are the prime factors of 1195?
5, 239
What are the prime factors of 15402218?
2, 13, 592393
List the prime factors of 786937.
786937
List the prime factors of 2324656.
2, 23, 6317
What are the prime factors of 139173?
3, 23, 2017
List the prime factors of 6094630.
2, 5, 19, 32077
What are the prime factors of 27298129?
27298129
What are the prime factors of 16062247?
31, 518137
What are the prime factors of 131537?
7, 19, 23, 43
What are the prime factors of 12245321?
11, 17, 5953
What are the prime factors of 1055626?
2, 11, 13, 3691
What are the prime factors of 2186077?
43, 50839
What are the prime factors of 25045360?
2, 5, 47, 6661
What are the prime factors of 111971?
41, 2731
What are the prime factors of 2342489?
983, 2383
What are the prime factors of 470799?
3, 7, 47, 53
What are the prime factors of 2291412?
2, 3, 257, 743
List the prime factors of 3322954.
2, 43, 38639
List the prime factors of 879035.
5, 19, 487
List the prime factors of 17322527.
17322527
What are the prime factors of 3183340?
2, 5, 159167
What are the prime factors of 7017501?
3, 31, 61, 1237
What are the prime factors of 346082?
2, 11, 15731
What are the prime factors of 35789?
13, 2753
What are the prime factors of 3367151?
127, 26513
What are the prime factors of 8219?
8219
What are the prime factors of 930732?
2, 3, 11, 641
What are the prime factors of 62119?
62119
What are the prime factors of 8630?
2, 5, 863
What are the prime factors of 2257325?
5, 7, 12899
List the prime factors of 5955934.
2, 47, 63361
List the prime factors of 1151852.
2, 13, 17, 1303
List the prime factors of 1573961.
1573961
List the prime factors of 461599.
461599
What are the prime factors of 18290643?
3, 7, 870983
What are the prime factors of 3489036?
2, 3, 479, 607
What are the prime factors of 3129355?
5, 625871
List the prime factors of 1381514.
2, 690757
What are the prime factors of 239758?
2, 313, 383
List the prime factors of 8071550.
2, 5, 37, 4363
List the